n base 14?
23
-16 (base 11) to base 3
-122
Convert -8a (base 14) to base 5.
-442
What is 104 (base 14) in base 5?
1300
What is 44 (base 12) in base 10?
52
102 (base 7) to base 12
43
Convert -59 (base 11) to base 2.
-1000000
Convert 111001 (base 2) to base 11.
52
What is -55 (base 11) in base 7?
-114
Convert -1 (base 11) to base 14.
-1
0 (base 12) to base 14
0
What is -13 (base 11) in base 16?
-e
0 (base 3) to base 10
0
What is 51 (base 14) in base 8?
107
Convert 33 (base 7) to base 14.
1a
What is 21 (base 7) in base 13?
12
4 (base 5) to base 3
11
Convert 2 (base 3) to base 16.
2
-14 (base 15) to base 6
-31
30 (base 13) to base 9
43
What is -b (base 16) in base 6?
-15
Convert 6c (base 13) to base 12.
76
What is -5 (base 16) in base 2?
-101
Convert -14 (base 11) to base 3.
-120
-4 (base 11) to base 6
-4
Convert 1c (base 13) to base 16.
19
What is 7 (base 10) in base 6?
11
0 (base 10) to base 16
0
What is -202 (base 4) in base 12?
-2a
Convert 1003 (base 6) to base 2.
11011011
What is -1220 (base 5) in base 11?
-159
What is -6e (base 16) in base 4?
-1232
Convert 2 (base 15) to base 2.
10
Convert -36 (base 10) to base 14.
-28
Convert -313 (base 5) to base 9.
-102
0 (base 2) to base 4
0
Convert -44 (base 16) to base 14.
-4c
Convert 1 (base 11) to base 4.
1
What is 4 (base 9) in base 6?
4
What is -2 (base 6) in base 7?
-2
22002 (base 3) to base 8
332
What is 101211 (base 3) in base 12?
204
Convert 101010101 (base 2) to base 11.
290
What is -10 (base 5) in base 3?
-12
What is 10 (base 10) in base 9?
11
Convert 43 (base 16) to base 11.
61
Convert -5 (base 15) to base 5.
-10
Convert -1 (base 16) to base 2.
-1
What is -26 (base 8) in base 9?
-24
-33 (base 6) to base 3
-210
Convert 3 (base 8) to base 14.
3
-29 (base 14) to base 15
-27
Convert 22101 (base 3) to base 4.
3202
15 (base 8) to base 7
16
Convert -ad (base 15) to base 8.
-243
Convert 12 (base 8) to base 11.
a
-4 (base 6) to base 5
-4
Convert 17 (base 9) to base 3.
121
What is -22 (base 9) in base 10?
-20
Convert 0 (base 10) to base 16.
0
What is -453 (base 6) in base 16?
-b1
-2 (base 8) to base 15
-2
9 (base 12) to base 4
21
Convert 13 (base 6) to base 14.
9
10012 (base 3) to base 6
222
Convert -1 (base 6) to base 16.
-1
-103 (base 14) to base 5
-1244
Convert -111100 (base 2) to base 11.
-55
Convert 1 (base 6) to base 3.
1
8 (base 12) to base 4
20
Convert -22 (base 5) to base 3.
-110
Convert 38 (base 16) to base 14.
40
What is 3 (base 8) in base 10?
3
What is -3 (base 4) in base 5?
-3
Convert 2 (base 10) to base 3.
2
-14 (base 5) to base 8
-11
What is -12 (base 9) in base 3?
-102
-2 (base 6) to base 16
-2
2 (base 7) to base 6
2
Convert -3 (base 8) to base 6.
-3
Convert -1 (base 12) to base 13.
-1
Convert db (base 14) to base 9.
234
-3 (base 5) to base 10
-3
Convert -93 (base 16) to base 12.
-103
-67 (base 8) to base 11
-50
1 (base 2) to base 11
1
Convert c4 (base 15) to base 9.
224
What is -1 (base 3) in base 14?
-1
Convert 86 (base 9) to base 3.
2220
What is 544 (base 7) in base 13?
184
Convert -22 (base 4) to base 9.
-11
What is -c (base 16) in base 12?
-10
a (base 14) to base 7
13
What is 4 (base 13) in base 9?
4
-110 (base 4) to base 13
-17
Convert -2 (base 8) to base 3.
-2
Convert -11 (base 2) to base 13.
-3
Convert -16 (base 11) to base 15.
-12
-2 (base 3) to base 13
-2
Convert -10 (base 9) to base 8.
-11
-1 (base 10) to base 6
-1
64 (base 11) to base 2
1000110
What is -7b (base 14) in base 11?
-9a
Convert -2 (base 7) to base 11.
-2
What is 20 (base 3) in base 13?
6
1100000 (base 2) to base 5
341
3 (base 9) to base 16
3
-46 (base 8) to base 16
-26
What is 0 (base 16) in base 12?
0
-100 (base 2) to base 16
-4
Convert 20 (base 4) to base 9.
8
What is 132 (base 4) in base 14?
22
What is -101 (base 2) in base 5?
-10
-4 (base 7) to base 2
-100
121 (base 6) to base 13
3a
Convert 40 (base 7) to base 8.
34
What is -186 (base 16) in base 8?
-606
What is 67 (base 9) in base 3?
2021
-7 (base 10) to base 3
-21
-22 (base 9) to base 6
-32
What is 260 (base 8) in base 10?
176
What is 10100010 (base 2) in base 15?
ac
What is 3 (base 7) in base 16?
3
-10 (base 3) to base 12
-3
What is -202 (base 6) in base 2?
-1001010
What is 10 (base 10) in base 4?
22
Convert -41 (base 15) to base 11.
-56
What is -15 (base 14) in base 2?
-10011
11 (base 8) to base 7
12
Convert -33 (base 6) to base 14.
-17
Convert 144 (base 8) to base 4.
1210
Convert -1e (base 16) to base 4.
-132
1211 (base 3) to base 16
31
What is -100 (base 10) in base 4?
-1210
43 (base 15) to base 16
3f
-10111 (base 2) to base 15
-18
Convert 7 (base 15) to base 3.
21
0 (base 4) to base 14
0
What is 4a (base 12) in base 3?
2011
-2c (base 15) to base 4
-222
75 (base 16) to base 8
165
What is -5 (base 10) in base 8?
-5
-9 (base 11) to base 16
-9
What is 8 (base 11) in base 13?
8
What is 3 (base 8) in base 11?
3
1020 (base 4) to base 5
242
What is 8 (base 9) in base 13?
8
2 (base 5) to base 15
2
Convert 5 (base 14) to base 7.
5
Convert -115 (base 9) to base 7.
-164
Convert a (base 13) to base 10.
10
351 (base 8) to base 4
3221
-204 (base 5) to base 4
-312
What is 12011 (base 3) in base 8?
213
2001 (base 3) to base 12
47
Convert 11100 (base 2) to base 10.
28
What is 2 (base 9) in base 7?
2
What is -69 (base 14) in base 6?
-233
What is 100 (base 2) in base 13?
4
Convert -2 (base 15) to base 10.
-2
What is -31 (base 10) in base 11?
-29
Convert 4 (base 16) to base 11.
4
52 (base 12) to base 4
332
What is -2 (base 9) in base 6?
-2
94 (base 10) to base 2
1011110
What is 32 (base 6) in base 14?
16
-1110 (base 2) to base 16
-e
Convert 0 (base 14) to base 10.
0
104 (base 10) to base 11
95
What is -45 (base 9) in base 10?
-41
What is d (base 16) in base 14?
d
What is -41 (base 9) in base 5?
-122
What is 3 (base 5) in base 15?
3
Convert 4 (base 10) to base 5.
4
-321 (base 4) to base 16
-39
Convert -17 (base 15) to base 10.
-22
What is 4 (base 9) in base 12?
4
1 (base 12) to base 2
1
What is -35 (base 13) in base 3?
-1122
4 (base 10) to base 5
4
Convert -110 (base 2) to base 11.
-6
What is -21 (base 3) in base 16?
-7
-6 (base 11) to base 2
-110
Convert -3 (base 15) to base 14.
-3
Convert -13 (base 5) to base 6.
-12
333 (base 8) to base 10
219
-d (base 15) to base 10
-13
Convert 1a (base 14) to base 8.
30
-17 (base 9) to base 6
-24
2 (base 16) to base 6
2
Convert -124 (base 6) to base 8.
-64
-10 (base 7) to base 2
-111
What is -119 (base 12) in base 8?
-245
What is -9 (base 11) in base 10?
-9
-43 (base 11) to base 4
-233
Convert -1 (base 11) to base 9.
-1
Convert 23 (base 12) to base 10.
27
-2110 (base 4) to base 16
-94
1020 (base 3) to base 14
25
What is -21 (base 9) in base 11?
-18
Convert 105 (base 6) to base 15.
2b
Convert -15 (base 14) to base 5.
-34
What is -21 (base 13) in base 4?
-123
What is -3 (base 7) in base 14?
-3
23 (base 10) to base 3
212
Convert -311 (base 5) to base 16.
-51
What is 13 (base 7) in base 4?
22
Convert -6 (base 9) to base 12.
-6
Convert -6 (base 10) to base 3.
-20
What is c1 (base 13) in base 12?
111
3 (base 13) to base 12
3
20 (base 3) to base 14
6
What is 2331 (base 5) in base 6?
1325
Convert -22 (base 3) to base 7.
-11
Convert -17 (base 15) to base 10.
-22
What is -143 (base 5) in base 13?
-39
What is 13 (base 16) in base 4?
103
-2 (base 7) to base 4
-2
Convert 3 (base 10) to base 8.
3
Convert -1 (base 9) to base 8.
-1
What is 213 (base 4) in base 9?
43
What is -6 (base 13) in base 5?
-11
Convert -4 (base 6) to base 10.
-4
9 (base 10) to base 12
9
What is -21 (base 8) in base 14?
-13
What is 16 (base 8) in base 5?
24
Convert 20 (base 4) to base 16.
8
What is 3 (base 8) in base 5?
3
What is 0 (base 9) in base 5?
0
-1 (base 13) to base 6
-1
What is 1 (base 10) in base 14?
1
Convert -11 (base 9) to base 8.
-12
4 (base 9) to base 11
4
Convert -73 (base 8) to base 15.
-3e
What is -10 (base 3) in base 12?
-3
2120 (base 3) to base 2
1000101
Convert 20 (base 9) to base 12.
16
What is -412 (base 6) in base 3?
-12122
What is -5 (base 14) in base 13?
-5
102 (base 5) to base 11
25
Convert 2112 (base 5) to base 3.
101110
7 (base 16) to base 11
7
Convert 3 (base 4) to base 16.
3
What is -316 (base 7) in base 10?
-160
Convert 6 (base 11) to base 14.
6
Convert -a2 (base 15) to base 16.
-98
14 (base 6) to base 15
a
Convert -26 (base 12) to base 3.
-1